43
What is the remainder when 548555 is divided by 423?
347
Calculate the remainder when 70921 is divided by 532.
165
What is the remainder when 1570358 is divided by 220?
218
Calculate the remainder when 3440206 is divided by 1146729.
19
Calculate the remainder when 36281 is divided by 8975.
381
What is the remainder when 90024731 is divided by 126?
125
What is the remainder when 971699 is divided by 1299?
47
Calculate the remainder when 849915 is divided by 35412.
27
Calculate the remainder when 10745936 is divided by 47.
44
What is the remainder when 368673 is divided by 52655?
88
What is the remainder when 728264 is divided by 882?
614
What is the remainder when 48454956 is divided by 5?
1
What is the remainder when 1523633 is divided by 301?
272
Calculate the remainder when 25452210 is divided by 4380.
30
What is the remainder when 33551057 is divided by 24?
17
Calculate the remainder when 1231153 is divided by 14474.
863
What is the remainder when 41673 is divided by 28824?
12849
What is the remainder when 11113025 is divided by 16?
1
Calculate the remainder when 20071628 is divided by 21.
17
Calculate the remainder when 165258 is divided by 318.
216
What is the remainder when 32717655 is divided by 78648?
87
What is the remainder when 73433 is divided by 36553?
327
What is the remainder when 334327 is divided by 2388?
7
Calculate the remainder when 20593500 is divided by 752.
732
Calculate the remainder when 12689708 is divided by 992.
44
What is the remainder when 1424090 is divided by 236?
66
What is the remainder when 1711767 is divided by 442?
343
Calculate the remainder when 1030674 is divided by 64.
18
Calculate the remainder when 32464151 is divided by 7240.
7231
What is the remainder when 2998899 is divided by 29?
9
Calculate the remainder when 4402 is divided by 3589.
813
Calculate the remainder when 14728806 is divided by 261.
54
Calculate the remainder when 111396 is divided by 1162.
1006
What is the remainder when 416835 is divided by 13846?
1455
Calculate the remainder when 114325 is divided by 28266.
1261
Calculate the remainder when 257593 is divided by 1160.
73
What is the remainder when 43226 is divided by 8151?
2471
What is the remainder when 1497005 is divided by 3539?
8
What is the remainder when 14655797 is divided by 67?
16
What is the remainder when 425400 is divided by 581?
108
Calculate the remainder when 21758487 is divided by 4318.
85
Calculate the remainder when 1319087 is divided by 4228.
4179
What is the remainder when 338663 is divided by 504?
479
Calculate the remainder when 28128606 is divided by 1972.
1970
What is the remainder when 25253243 is divided by 4722?
4709
What is the remainder when 607844 is divided by 3728?
180
What is the remainder when 643538 is divided by 13987?
136
What is the remainder when 5826520 is divided by 3266?
3242
Calculate the remainder when 188551 is divided by 334.
175
What is the remainder when 50268658 is divided by 867?
865
Calculate the remainder when 3398275 is divided by 188793.
1
What is the remainder when 15693737 is divided by 20?
17
Calculate the remainder when 2522925 is divided by 821.
813
Calculate the remainder when 481997487 is divided by 65.
62
What is the remainder when 4930675 is divided by 2465260?
155
What is the remainder when 82361 is divided by 342?
281
Calculate the remainder when 227710 is divided by 2211.
2188
Calculate the remainder when 3544336 is divided by 10.
6
Calculate the remainder when 39604 is divided by 6554.
280
What is the remainder when 3465778 is divided by 385?
8
What is the remainder when 19586 is divided by 2054?
1100
Calculate the remainder when 1611396 is divided by 107422.
66
What is the remainder when 10152 is divided by 2813?
1713
What is the remainder when 90653 is divided by 25367?
14552
Calculate the remainder when 371504 is divided by 342.
92
Calculate the remainder when 127786 is divided by 279.
4
Calculate the remainder when 4869863 is divided by 9456.
23
Calculate the remainder when 1369169 is divided by 1.
0
Calculate the remainder when 23678438 is divided by 145.
83
What is the remainder when 86497 is divided by 6233?
5468
Calculate the remainder when 12541501 is divided by 4645.
1
What is the remainder when 1505954 is divided by 55?
54
What is the remainder when 3499344 is divided by 1166439?
27
Calculate the remainder when 30435 is divided by 29569.
866
What is the remainder when 134744 is divided by 33119?
2268
What is the remainder when 9810869 is divided by 10209?
20
Calculate the remainder when 28226016 is divided by 7691.
46
Calculate the remainder when 947463 is divided by 2188.
59
What is the remainder when 14935875 is divided by 233373?
3
What is the remainder when 191939471 is divided by 11?
9
What is the remainder when 68227 is divided by 209?
93
What is the remainder when 4716052 is divided by 135?
97
What is the remainder when 34894 is divided by 2841?
802
What is the remainder when 288564 is divided by 4063?
91
What is the remainder when 7214342 is divided by 450895?
22
What is the remainder when 3310905 is divided by 30099?
15
What is the remainder when 1589830 is divided by 16057?
187
What is the remainder when 81738 is divided by 898?
20
Calculate the remainder when 73486371 is divided by 14336.
35
Calculate the remainder when 489538 is divided by 263.
95
What is the remainder when 279720 is divided by 139858?
4
Calculate the remainder when 14129033 is divided by 154.
149
What is the remainder when 268917 is divided by 26882?
97
Calculate the remainder when 38970 is divided by 4501.
2962
What is the remainder when 15003987 is divided by 1153?
1151
Calculate the remainder when 4151410 is divided by 230630.
70
Calculate the remainder when 185893 is divided by 60.
13
Calculate the remainder when 21665 is divided by 6847.
1124
Calculate the remainder when 56944869 is divided by 41.
10
Calculate the remainder when 7765334 is divided by 2124.
2114
Calculate the remainder when 17135250 is divided by 431.
414
What is the remainder when 560391 is divided by 35024?
7
Calculate the remainder when 913265 is divided by 149.
44
Calculate the remainder when 2419650 is divided by 1058.
4
What is the remainder when 19031570 is divided by 251?
248
What is the remainder when 4242409 is divided by 10606?
9
Calculate the remainder when 6254576 is divided by 557.
23
Calculate the remainder when 3339149 is divided by 75.
74
What is the remainder when 5142491 is divided by 58?
37
What is the remainder when 45169 is divided by 1443?
436
What is the remainder when 1761843 is divided by 440422?
155
Calculate the remainder when 73397 is divided by 34198.
5001
What is the remainder when 1515826 is divided by 757909?
8
What is the remainder when 528102 is divided by 230?
22
Calculate the remainder when 30857880 is divided by 4110.
0
Calculate the remainder when 20700058 is divided by 468.
418
What is the remainder when 133709232 is divided by 15863?
5
What is the remainder when 135083 is divided by 29732?
16155
Calculate the remainder when 9946218 is divided by 118.
116
What is the remainder when 247862 is divided by 61953?
50
What is the remainder when 5028998 is divided by 483?
2
Calculate the remainder when 706247 is divided by 18107.
74
Calculate the remainder when 8867215 is divided by 1477860.
55
What is the remainder when 663135 is divided by 3746?
93
Calculate the remainder when 31618 is divided by 7348.
2226
What is the remainder when 169621 is divided by 605?
221
What is the remainder when 9865037 is divided by 21?
14
Calculate the remainder when 703182 is divided by 2399.
275
What is the remainder when 2595645464 is divided by 6405?
6404
Calculate the remainder when 247920 is divided by 800.
720
Calculate the remainder when 2800647 is divided by 1404.
1071
Calculate the remainder when 2007011 is divided by 1693.
806
What is the remainder when 724302 is divided by 362035?
232
What is the remainder when 1252310 is divided by 28461?
26
Calculate the remainder when 502528 is divided by 83720.
208
What is the remainder when 2902806 is divided by 10594?
50
Calculate the remainder when 1182318 is divided by 1182262.
56
What is the remainder when 1922215 is divided by 2516?
2507
What is the remainder when 28251355 is divi